ose 6 - 1 = -5*z + 3*q, 2 = -3*z + 2*q. Give h(z).
-1
Let c(g) = 2*g - 18. Suppose 8524*i - 8526*i = -18. Calculate c(i).
0
Suppose 17 - 9 = d. Suppose -2*y + 0*y = -d. Let t(f) be the second derivative of -f**5/20 + f**4/4 + f**3/6 - 2*f**2 - f. Determine t(y).
-16
Let m(l) = -20*l**3 - 4*l + 8. Let s(o) = -20*o**3 - 6*o + 10. Let t(i) = -4*m(i) + 3*s(i). Give t(-2).
-158
Let v be (-768)/(-72) - (-1 - (-2)/3). Suppose 0 = -12*f + v*f + 14. Suppose 0*j - f*j - 56 = 0. Let i(a) = a. Give i(j).
-4
Let l(s) = -s**3 + 7*s**2 - 7*s - 11. Let a be ((-35)/(-21))/((-4)/(-12)). Let d be l(a). Let v(x) = x**2 - 5*x + 5. Determine v(d).
1
Let p = -42 - -32. Let j be 14/35*p/(-2). Let x(s) = -16 - 3*s - j*s + 6*s. What is x(0)?
-16
Suppose 0 = o + h, o + 4*h + 1 = -4*o. Let n(l) = 15*l - 11. Let y(b) = 63*b - 50. Let g(i) = 9*n(i) - 2*y(i). Give g(o).
-8
Let k = -7598 - -7590. Let d(z) = -z**3 - 11*z**2 - 6*z - 6. Calculate d(k).
-150
Let u(y) be the third derivative of -y**6/30 + y**5/60 - y**4/24 - y**3/6 + 753*y**2. Calculate u(1).
-5
Suppose 21*t - 2*t = -4*t - 138. Let i(y) = -4*y**2 - 9*y + 2. Suppose -4*c + 12 = -0. Let r(g) = -g**2 - g + 1. Let b(m) = c*r(m) - i(m). What is b(t)?
1
Let r(o) = o**3 + 2*o**2 - 2*o - 3. Let s be r(-2). Let f be 145/(-15) + (4/6)/s. Let p(c) = 5*c - 11*c - c**3 + 60 + 66 - 116 - 10*c**2. Give p(f).
-17
Let c(y) = 19*y**3 - 28*y**2 - 4*y - 4. Let s(k) = 35*k**3 - 52*k**2 - 8*k - 7. Let j(i) = -11*c(i) + 6*s(i). Let n = -10 - -15. What is j(n)?
7
Let k = -1 - -21. Suppose 2*x + d = -3, 3*d - k = 7*d. Let t(o) = 7 + 1 - 2*o - 9. Determine t(x).
-3
Let h = -433 + 637. Let y = -205 + h. Let p(r) = 13*r**3 - r**2 - 5*r - 5. Let k(x) = -14*x**3 + x**2 + 4*x + 4. Let f(t) = -6*k(t) - 5*p(t). Calculate f(y).
-20
Let s(w) = -45*w - 12 - 6 + 53*w + 2 - w**2. Determine s(4).
0
Let k(j) = -j**2 + 1. Let r(p) = -4*p**2 + 2*p + 6. Let c(g) = 5*k(g) - r(g). Let i = 5919 - 5921. Give c(i).
-1
Let w(j) = 9*j - 20. Let k(u) = 10*u - 1. Let z(y) = k(y) - w(y). Determine z(-18).
1
Let k(t) = -68 - 26*t - t**2 - 177 + 291. Calculate k(-28).
-10
Let g(p) = -p + 17. Let c be ((-10)/4)/(26/52). Let q(u) = u - 19. Let n(x) = c*q(x) - 6*g(x). What is n(5)?
-2
Let k(r) = 7*r**2 + r - 1. Let y(f) = -f**3 + 6*f**2 + 12*f - 4. Let m(x) = -2*k(x) + y(x). Calculate m(-9).
-11
Let k(v) = -v**2 + 31*v + 36. Let g(l) = -3*l**2 + 66*l + 66. Let w(c) = 2*g(c) - 5*k(c). Calculate w(-2).
-6
Let n(c) = 9*c - 3. Let v(j) = -j**3 - j**2 - 3*j - 2. Let o be v(-1). Let i(k) = 2*k + 1. Let d(a) = o*n(a) - 5*i(a). What is d(-7)?
-1
Let t = -43 + 45. Suppose 132 = t*r - 0. Let q be (-4)/(-22) + 6*9/r. Let u(b) = 8*b**2 + 1. Give u(q).
9
Let m(c) = -4*c**2 + 20*c + 23. Let h be 3430/560 - (-1)/(-8). What is m(h)?
-1
Let f(s) be the second derivative of -s**4/12 - 2*s**3/3 + 13*s**2/2 + 24*s. Let k be f(2). Let n(m) = -m**3 + m - 1. Calculate n(k).
-1
Let r(h) = h**2 - 3*h + 2. Let c(p) = 6*p**2 + 5*p - 5*p**2 - 14*p + 15 + p**3 - 11*p**2. Let z be c(10). Let f = -71 - z. Determine r(f).
6
Let j(w) = w**2 - 6*w - 3. Suppose 10*d - 2 = 8*d. Let g be (8/(-24))/(d/(-129)). Let z = -36 + g. Calculate j(z).
4
Let v(n) be the third derivative of -n**6/120 + n**5/12 + n**4/4 + 7*n**3/6 - 40*n**2 - 2. Let q be (12/8)/(3/12). Give v(q).
7
Let k(g) be the second derivative of g**6/720 + g**4/6 - 8*g**3 + 31*g. Let j(l) be the third derivative of k(l). Calculate j(8).
8
Let u(b) = b + 1. Suppose 310 - 79 = 199*r - 166*r. What is u(r)?
8
Let j(y) = -y**2 - 22*y - 17. Let m be j(-21). Suppose m = -2*p + 6*i - 2*i, -5*p = -5*i. Let o(l) = 18*l + 3 + l**p - 8 - 2 - 12*l. Determine o(-6).
-7
Let j(m) = 2*m**3 + m**2 + m + 6. Suppose g = -5*r - 14, -25*r + 3*g - 78 = -0*r. What is j(r)?
-42
Suppose 0 = 8*d - 419 + 35. Let t(g) = d - g**3 + 55 + 0*g**3 - 7*g**2 + 10*g - 102. What is t(-8)?
-15
Let v(z) = -z**2 + 1. Let a(b) = b**3 - 7*b + 2. Let y(g) = -a(g) - 6*v(g). Suppose -5*x = -133 - 172. Let h = x - 54. Determine y(h).
-8
Let f(a) = -11*a. Let u be 682/(-638) + 14/203. What is f(u)?
11
Suppose 154 - 112 = -3*u. Let l be (u + 15)/(1/12). Let z(t) = 11*t**2 - 4*t - l*t**2 + 5 - 3*t + 3*t. Calculate z(-5).
0
Let r(n) = -3*n**3 + 5*n**2 + 8*n + 9. Let q(o) = -o**3 - 2*o**2 - o. Let m(f) = 2*q(f) - r(f). Calculate m(10).
-9
Let a(x) = 98*x + 269. Let s(r) = -385*r - 1074. Let b(d) = -19*a(d) - 5*s(d). Determine b(-4).
7
Suppose -2 - 1 = -v. Suppose -v*q - 4 + 31 = 3*o, 3*o = -5*q + 19. Let x(m) = 6*m - o*m + 15*m. Calculate x(1).
8
Suppose 0 = 3*w - 3*g + 18, 2*w - 4*g = 3*w - 14. Let j(z) = -159628975 + 6*z + 159628975. Determine j(w).
-12
Let u(j) = -j**3 - 2*j - 1. Let r(p) = p. Suppose -n - 2*o + 2 = 3, -3*n = 5*o. Let s be r(n). Suppose -s*y + 3 + 0 = 4*g, -9 = y - 4*g. Calculate u(y).
2
Let q(u) be the third derivative of u**6/120 - 7*u**5/60 - u**4/24 + 7*u**3/3 - 1475*u**2. Determine q(7).
7
Suppose -y + 6 = 4*u, -9 = -u - 3*y - 2. Let a(m) = m + 1. Let c(f) = 9*f + 10. Let o(w) = u*c(w) - 4*a(w). What is o(6)?
36
Suppose 2*l + 104 = 15*l. Let w(s) = -s**2 + s + 1. Let r(v) = 6*v**2 - 7*v - 15. Let y(n) = r(n) + 5*w(n). Determine y(l).
38
Let f be 3/(-12) - 13/(-4). Suppose 5*d - f*c = 27, 0*c - 3 = -5*d - 3*c. Suppose 9 = -2*p + d. Let v(a) = -a**2 - 4*a - 1. What is v(p)?
2
Let i be -7*(-16)/(-168)*12. Let v(o) = -o**2 - 11*o + 7. What is v(i)?
31
Let b(h) = 0*h - 832*h**2 - 2 + 833*h**2 - 4 + 8*h. Suppose -8*p = 13*p + 189. Give b(p).
3
Let r(z) = -z**2 - z + 73. Let g be (-3 - -1) + 14 - 4. What is r(g)?
1
Let z(t) be the third derivative of -1/360*t**6 + 7/24*t**4 + 0 + 11/6*t**3 + 0*t + 1/20*t**5 + 20*t**2. Let b(w) be the first derivative of z(w). What is b(5)?
12
Let a(w) = -w**3 + 5*w + 3. Suppose 73 = -19*r + 35 - 0. Determine a(r).
1
Let l(x) be the first derivative of -x**3/3 + x**2/2 + 92*x - 144. Give l(-9).
2
Suppose 2*r + 100 = 64. Let n be (-2)/6*(r - 0). Let i(x) = x**3 - 7*x**2 + 9*x - 4. What is i(n)?
14
Let c(t) = -258655*t - 6*t**2 + 3 - t**3 + 517305*t - 258652*t. Suppose k = 5*k + 20. Give c(k).
-12
Let z be ((-48)/30)/((-7)/((-140)/(-8))). Let y(x) = 133*x - 65*x - 69*x - z. Determine y(5).
-9
Let v(x) = -x**3 + 23*x**2 - 2*x + 20. Let g(d) = 2*d**3 - 45*d**2 + 4*d - 41. Let f(b) = 8*g(b) + 15*v(b). Calculate f(15).
2
Let g(n) = 0*n - 182 + 14 - 12*n + 15*n + 8*n. Determine g(15).
-3
Let f(p) = p - 7. Suppose -426 = -13*a - 75. Suppose 4*t - 85 = -5*w, -5*t + a = 2. Calculate f(w).
6
Let d(t) = 3*t + 1. Let k(g) = g. Let y(r) = 4*d(r) - 11*k(r). Let z be y(-2). Let o(f) = -21*f**3 - z*f**2 - 4*f + 22*f**3 - 2*f**2 - 1. Calculate o(5).
4
Let v(f) = -914 + 3*f**2 + 5*f**2 + 6*f - 3*f**2 + 919 - 2*f**2. Determine v(-2).
5
Let u(l) be the second derivative of 5*l**3/6 + l**2/2 + 2*l - 23. What is u(-4)?
-19
Suppose 0 = i - 5*n + 6 + 4, -i = -4*n + 7. Let v(l) = 103 + 2775*l**2 - 2*l - 110 - 2780*l**2 + l**3 + 4*l. Calculate v(i).
3
Suppose -9*c - 12*c = -672. Suppose -2*s + 2 = -8. Suppose -s*j + c = -18. Let x(p) = -p**2 + 9*p + 3. Give x(j).
-7
Let g(y) = 11*y**2 + 39*y - 19. Let b(z) = -6*z**2 - 21*z + 10. Let j(v) = 5*b(v) + 3*g(v). Calculate j(6).
173
Let v(d) = -d**2 + d + 5. Let z = 57 - 60. Let o be 2 - 4*z/4. What is v(o)?
-15
Let k = 6214 + -6212. Let w(p) = -104*p + 206. Determine w(k).
-2
Let d(s) be the second derivative of -s**3/6 + 7*s**2/2 - 3*s + 23. Give d(13).
-6
Let y = 3732 + -3737. Let x(f) = 24*f + 126. What is x(y)?
6
Let s(j) = j**3 - 6*j**2 - 2. Let b(m) = m**3 - 5*m**2 - 1. Let d be b(5). Let o be (1 + d)*5/10. Let y be -1 + o - -4 - -3. Give s(y).
-2
Suppose 0 = -8*v + 51 - 59. Let f(r) = -3*r**2 - 7*r + 7. Let o(j) = -6*j**2 - 9*j**2 + 16*j**2. Let g(s) = v*f(s) - 2*o(s). What is g(-8)?
1
Let l = -53 + 57. Let j(u) = u + 1. Let g(k) = 7*k**2 - 6*k - 5. Let r(p) = l*j(p) + g(p). Let b = -11 + 10. What is r(b)?
8
Let f(b) = b**3 + 1 + 2*b + 4*b - 5*b. Let j = -307 - -324. Let d be ((-2)/(-6))/(j/(-204)) + 3. What is f(d)?
-1
Let m(p) be the first derivative of 5*p**3/3 + 3*p**2/2 + 2*p + 2933. Calculate m(0).
2
Let t be ((-44)/(-66))/((-4)/(-6) - 0). Let m be -1 - t*1/(-2)*6. Let j(b) = -1 + 33*b**m - 10*b**2 - 16*b**2. Calculate j(1).
6
Let g(y) = y**3 + y**2 - 1. Let l(u) = -u - 4 + 7497*u**2 - 7489*u**2 - 3*u + 6*u**3. 